the remainder when 428 is divided by 39?
38
Calculate the remainder when 116 is divided by 24.
20
Calculate the remainder when 637 is divided by 14.
7
What is the remainder when 642 is divided by 46?
44
What is the remainder when 458 is divided by 5?
3
Calculate the remainder when 293 is divided by 99.
95
Calculate the remainder when 67 is divided by 40.
27
What is the remainder when 80 is divided by 56?
24
Calculate the remainder when 868 is divided by 17.
1
Calculate the remainder when 2290 is divided by 79.
78
Calculate the remainder when 884 is divided by 41.
23
Calculate the remainder when 2124 is divided by 38.
34
What is the remainder when 1588 is divided by 53?
51
What is the remainder when 4754 is divided by 183?
179
Calculate the remainder when 157 is divided by 46.
19
Calculate the remainder when 7328 is divided by 188.
184
Calculate the remainder when 389 is divided by 120.
29
Calculate the remainder when 275 is divided by 20.
15
What is the remainder when 347 is divided by 39?
35
What is the remainder when 155 is divided by 51?
2
Calculate the remainder when 178 is divided by 48.
34
What is the remainder when 138 is divided by 45?
3
Calculate the remainder when 977 is divided by 20.
17
What is the remainder when 162 is divided by 3?
0
Calculate the remainder when 146 is divided by 74.
72
Calculate the remainder when 717 is divided by 90.
87
Calculate the remainder when 1946 is divided by 30.
26
What is the remainder when 26152 is divided by 13?
9
What is the remainder when 9103 is divided by 23?
18
What is the remainder when 76 is divided by 14?
6
What is the remainder when 781 is divided by 49?
46
What is the remainder when 575 is divided by 31?
17
Calculate the remainder when 785 is divided by 116.
89
Calculate the remainder when 468 is divided by 232.
4
What is the remainder when 588 is divided by 99?
93
Calculate the remainder when 335 is divided by 48.
47
What is the remainder when 70 is divided by 12?
10
What is the remainder when 61 is divided by 17?
10
What is the remainder when 593 is divided by 47?
29
What is the remainder when 13740 is divided by 91?
90
Calculate the remainder when 362 is divided by 90.
2
What is the remainder when 9648 is divided by 49?
44
Calculate the remainder when 285 is divided by 18.
15
What is the remainder when 6141 is divided by 96?
93
What is the remainder when 773 is divided by 86?
85
What is the remainder when 102 is divided by 32?
6
What is the remainder when 383 is divided by 16?
15
What is the remainder when 3789 is divided by 18?
9
Calculate the remainder when 102 is divided by 23.
10
Calculate the remainder when 942 is divided by 153.
24
What is the remainder when 96 is divided by 51?
45
Calculate the remainder when 695 is divided by 24.
23
What is the remainder when 5065 is divided by 106?
83
Calculate the remainder when 12135 is divided by 238.
235
Calculate the remainder when 997 is divided by 229.
81
What is the remainder when 283 is divided by 25?
8
Calculate the remainder when 447 is divided by 388.
59
Calculate the remainder when 2476 is divided by 59.
57
What is the remainder when 165 is divided by 68?
29
What is the remainder when 5413 is divided by 57?
55
Calculate the remainder when 152 is divided by 53.
46
Calculate the remainder when 471 is divided by 161.
149
Calculate the remainder when 409 is divided by 148.
113
Calculate the remainder when 240 is divided by 29.
8
What is the remainder when 199 is divided by 68?
63
Calculate the remainder when 101 is divided by 17.
16
What is the remainder when 460 is divided by 93?
88
What is the remainder when 585 is divided by 21?
18
What is the remainder when 143 is divided by 45?
8
What is the remainder when 1442 is divided by 39?
38
What is the remainder when 308 is divided by 13?
9
Calculate the remainder when 1277 is divided by 39.
29
Calculate the remainder when 2547 is divided by 75.
72
Calculate the remainder when 309 is divided by 105.
99
Calculate the remainder when 503 is divided by 72.
71
Calculate the remainder when 1933 is divided by 644.
1
What is the remainder when 498 is divided by 33?
3
Calculate the remainder when 558 is divided by 14.
12
Calculate the remainder when 38997 is divided by 30.
27
What is the remainder when 312 is divided by 300?
12
Calculate the remainder when 5291 is divided by 16.
11
What is the remainder when 2772 is divided by 8?
4
Calculate the remainder when 2252 is divided by 42.
26
Calculate the remainder when 156 is divided by 155.
1
Calculate the remainder when 817 is divided by 261.
34
What is the remainder when 81 is divided by 57?
24
What is the remainder when 211 is divided by 27?
22
Calculate the remainder when 417 is divided by 118.
63
What is the remainder when 2665 is divided by 1310?
45
Calculate the remainder when 244 is divided by 10.
4
Calculate the remainder when 309 is divided by 4.
1
What is the remainder when 942 is divided by 16?
14
Calculate the remainder when 7171 is divided by 13.
8
Calculate the remainder when 247 is divided by 64.
55
What is the remainder when 497 is divided by 28?
21
Calculate the remainder when 357 is divided by 72.
69
Calculate the remainder when 1623 is divided by 13.
11
Calculate the remainder when 24 is divided by 18.
6
What is the remainder when 993 is divided by 166?
163
What is the remainder when 1363 is divided by 195?
193
Calculate the remainder when 292 is divided by 9.
4
What is the remainder when 33 is divided by 12?
9
Calculate the remainder when 66 is divided by 34.
32
What is the remainder when 899 is divided by 20?
19
Calculate the remainder when 380 is divided by 108.
56
Calculate the remainder when 4459 is divided by 23.
20
Calculate the remainder when 147 is divided by 13.
4
What is the remainder when 10331 is divided by 84?
83
Calculate the remainder when 353 is divided by 341.
12
What is the remainder when 409 is divided by 23?
18
What is the remainder when 1233 is divided by 89?
76
Calculate the remainder when 2718 is divided by 80.
78
What is the remainder when 2410 is divided by 36?
34
What is the remainder when 4244 is divided by 137?
134
What is the remainder when 378 is divided by 77?
70
Calculate the remainder when 236 is divided by 15.
11
Calculate the remainder when 140 is divided by 13.
10
What is the remainder when 131 is divided by 32?
3
What is the remainder when 31 is divided by 11?
9
What is the remainder when 1328 is divided by 22?
8
Calculate the remainder when 92 is divided by 5.
2
Calculate the remainder when 6853 is divided by 149.
148
What is the remainder when 2505 is divided by 76?
73
Calculate the remainder when 31 is divided by 21.
10
What is the remainder when 1577 is divided by 79?
76
Calculate the remainder when 1115 is divided by 49.
37
Calculate the remainder when 32337 is divided by 20.
17
What is the remainder when 2708 is divided by 78?
56
What is the remainder when 68606 is divided by 8?
6
What is the remainder when 2753 is divided by 9?
8
Calculate the remainder when 176 is divided by 59.
58
What is the remainder when 159 is divided by 79?
1
What is the remainder when 448 is divided by 10?
8
What is the remainder when 17948 is divided by 193?
192
Calculate the remainder when 518 is divided by 104.
102
What is the remainder when 355 is divided by 30?
25
What is the remainder when 103 is divided by 53?
50
Calculate the remainder when 47 is divided by 11.
3
Calculate the remainder when 906 is divided by 22.
4
What is the remainder when 275 is divided by 78?
41
What is the remainder when 3339 is divided by 12?
3
What is the remainder when 555 is divided by 80?
75
What is the remainder when 238 is divided by 50?
38
Calculate the remainder when 1023 is divided by 40.
23
What is the remainder when 517 is divided by 130?
127
Calculate the remainder when 1162 is divided by 255.
142
Calculate the remainder when 1342 is divided by 64.
62
What is the remainder when 1009 is divided by 148?
121
What is the remainder when 65 is divided by 11?
10
Calculate the remainder when 189 is divided by 29.
15
What is the remainder when 386 is divided by 8?
2
What is the remainder when 142 is divided by 48?
46
Calculate the remainder when 123 is divided by 84.
39
What is the remainder when 221 is divided by 31?
4
What